
Is 6821 prime?
False
Is 398669 a prime number?
True
Is 6673 composite?
False
Is 2459 a composite number?
False
Is 6247 prime?
True
Is 29501 a prime number?
True
Is 16663 composite?
True
Is 432349 composite?
False
Is 237127 a prime number?
False
Is 65407 prime?
True
Is 589807 composite?
False
Is 896167 prime?
True
Is 642197 composite?
False
Is 236383 composite?
True
Is 16327 prime?
False
Is 261647 a prime number?
False
Is 197947 a prime number?
True
Is 106211 prime?
False
Is 252919 prime?
True
Is 17231 a prime number?
True
Is 15497 composite?
False
Is 117293 a composite number?
True
Is 104087 a composite number?
False
Is 44113 a prime number?
False
Is 490339 a composite number?
False
Is 69869 prime?
False
Is 526 prime?
False
Is 75079 prime?
True
Is 254071 composite?
False
Is 243671 composite?
False
Is 559769 a prime number?
False
Is 3538859 a composite number?
False
Is 1647179 a prime number?
True
Is 45338 prime?
False
Is 346277 prime?
True
Is 53831 a composite number?
False
Is 270559 a composite number?
True
Is 4379 a composite number?
True
Is 287571 composite?
True
Is 117533 prime?
False
Is 229315 prime?
False
Is 84913 a composite number?
False
Is 383389 prime?
False
Is 256574 a composite number?
True
Is 18895 a composite number?
True
Is 13942 composite?
True
Is 6029 a prime number?
True
Is 26281 composite?
True
Is 13067 prime?
False
Is 161699 prime?
False
Is 562231 prime?
True
Is 2923 a composite number?
True
Is 4153 composite?
False
Is 2101 a composite number?
True
Is 1185881 a prime number?
False
Is 5381 prime?
True
Is 71447 prime?
False
Is 24578 composite?
True
Is 58541 prime?
False
Is 146581 composite?
False
Is 537841 composite?
False
Is 27179 a prime number?
True
Is 71573 a prime number?
False
Is 20053 a composite number?
True
Is 217927 a prime number?
False
Is 1765265 a prime number?
False
Is 10057 a prime number?
False
Is 8053 a prime number?
True
Is 6287 composite?
False
Is 325361 prime?
False
Is 2965 a composite number?
True
Is 2651893 a composite number?
False
Is 88771 a prime number?
True
Is 6787 a prime number?
False
Is 8581 a composite number?
False
Is 28759 a prime number?
True
Is 39506 prime?
False
Is 182233 prime?
True
Is 14971 a composite number?
True
Is 200513 a prime number?
True
Is 783247 a prime number?
True
Is 15919 a composite number?
False
Is 3389 a prime number?
True
Is 46421 a composite number?
True
Is 658169 composite?
False
Is 211501 a composite number?
False
Is 2179 prime?
True
Is 209302 a composite number?
True
Is 14143 prime?
True
Is 458701 composite?
False
Is 194647 prime?
True
Is 4853 prime?
False
Is 6187 prime?
False
Is 134033 a composite number?
False
Is 126781 a prime number?
True
Is 422159 a composite number?
True
Is 4873 a composite number?
True
Is 68681 composite?
True
Is 19301 prime?
True
Is 295111 composite?
False
Is 21701 composite?
False
Is 239633 a prime number?
True
Is 125123 a composite number?
True
Is 14197 prime?
True
Is 29477 a composite number?
True
Is 14923 a prime number?
True
Is 232054 a composite number?
True
Is 55135 a composite number?
True
Is 815251 composite?
False
Is 42587 a prime number?
False
Is 1655 a prime number?
False
Is 288647 a composite number?
False
Is 13259 a prime number?
True
Is 88427 a prime number?
True
Is 1557235 a composite number?
True
Is 19531 composite?
False
Is 8663 a prime number?
True
Is 106109 composite?
False
Is 118489 prime?
False
Is 16273 prime?
True
Is 313829 a composite number?
False
Is 73237 composite?
False
Is 18457 a prime number?
True
Is 5147 a composite number?
False
Is 195967 prime?
True
Is 517 composite?
True
Is 25391 prime?
True
Is 5939 prime?
True
Is 390077 a prime number?
True
Is 14189 a prime number?
False
Is 2491 a prime number?
False
Is 223502 composite?
True
Is 12739 a composite number?
False
Is 101191 composite?
True
Is 20291 a prime number?
False
Is 97111 a composite number?
True
Is 26293 a composite number?
False
Is 256459 a composite number?
True
Is 69191 prime?
True
Is 21727 a composite number?
False
Is 15959 composite?
False
Is 184657 a composite number?
True
Is 530813 a prime number?
False
Is 2413 prime?
False
Is 3169443 a composite number?
True
Is 4547 prime?
True
Is 2747 composite?
True
Is 91634 a composite number?
True
Is 5006 a prime number?
False
Is 62591 a prime number?
True
Is 75209 a composite number?
False
Is 57991 prime?
True
Is 15781 prime?
False
Is 360959 a composite number?
False
Is 134807 prime?
True
Is 17773 a composite number?
True
Is 14699 prime?
True
Is 449653 prime?
True
Is 101429 composite?
False
Is 2594489 composite?
True
Is 7069 prime?
True
Is 20473 prime?
False
Is 30269 a composite number?
False
Is 9569 a prime number?
False
Is 92623 composite?
False
Is 2710439 a prime number?
True
Is 1470913 a prime number?
True
Is 34793 a prime number?
False
Is 24763 prime?
True
Is 231223 a prime number?
True
Is 170707 a prime number?
True
Is 3101 prime?
False
Is 600193 composite?
True
Is 13781 a composite number?
False
Is 43247 a composite number?
True
Is 151631 a composite number?
False
Is 128039 prime?
False
Is 498307 a composite number?
True
Is 34609 a prime number?
False
Is 118651 composite?
True
Is 505 a composite number?
True
Is 14309 prime?
False
Is 287407 a composite number?
True
Is 365921 a prime number?
False
Is 58511 a prime number?
True
Is 66419 a composite number?
True
Is 44633 a composite number?
False
Is 2047967 prime?
True
Is 84401 composite?
False
Is 75979 composite?
False
Is 27399 a composite number?
True
Is 2752307 a composite number?
False
Is 663889 a composite number?
True
Is 27977 a composite number?
True
Is 7493 composite?
True
Is 1717211 composite?
True
Is 3085 prime?
False
Is 9781 a prime number?
True
Is 2179 prime?
True
Is 16217 a prime number?
True
Is 128311 prime?
True
Is 3050867 a composite number?
False
Is 35419 a composite number?
False
Is 529807 a composite number?
False
Is 26579 composite?
True
Is 226507 composite?
True
Is 45083 a composite number?
False
Is 4711 composite?
True
Is 188977 prime?
False
Is 344461 prime?
False
Is 1741 composite?
False
Is 74699 a prime number?
True
Is 11863 prime?
True
Is 564037 prime?
False
Is 294197 a prime number?
False
Is 3018071 a composite number?
True
Is 98663 a composite number?
False
Is 959 a prime number?
False
Is 3037 prime?
True
Is 15613 a composite number?
True
Is 7621 composite?
False
Is 96043 a composite number?
False
Is 5323 a prime number?
True
Is 323 a prime number?
False
Is 3641 composite?
True
Is 29629 a composite number?
False
Is 6991 prime?
True
Is 87 a composite number?
True
Is 5333 a prime number?
True
Is 325874 prime?
False
Is 1695131 a prime number?
True
Is 2446 prime?
False
Is 601937 prime?
False
Is 15623 composite?
True
Is 41051 a composite number?
False
Is 58961 composite?
True
Is 3431 a prime number?
False
Is 2861 prime?
True
Is 934993 a composite number?
True
Is 3442 a composite number?
True
Is 6509257 composite?
False
Is 565633 a composite number?
True
Is 151783 a prime number?
True
Is 911 a prime number?
True
Is 10303807 a prime number?
True
Is 137829 a prime number?
False
Is 628669 prime?
False
Is 77641 prime?
True
Is 86945 a prime number?
False
Is 13043 prime?
True
Is 5167 composite?
False
Is 92821 composite?
False
Is 183297 composite?
True
Is 240321 composite?
True
Is 32569 a prime number?
True
Is 29753 a composite number?
False
Is 4909 prime?
True
Is 128389 a composite number?
False
Is 39029 prime?
False
Is 749371 a composite number?
True
Is 90677 a prime number?
True
Is 14081 a prime number?
True
Is 111091 a composite number?
False
Is 4321 composite?
True
Is 21469 a prime number?
False
Is 33227 a composite number?
True
Is 1040447 prime?
True
Is 536077 a composite number?
True
Is 8819 prime?
True
Is 45587 composite?
False
Is 54155 composite?
True
Is 501261 composite?
True
Is 54829 composite?
False
Is 14849 composite?
True
Is 9108061 prime?
True
Is 478169 a prime number?
True
Is 161657 composite?
True
Is 9662 prime?
False
Is 50929 a composite number?
False
Is 151743 a composite number?
True
Is 330061 prime?
True
Is 150929 composite?
False
Is 131245 a prime number?
False
Is 23969 a prime number?
False
Is 3340453 a composite number?
False
Is 472319 a composite number?
False
Is 1175827 a prime number?
False
Is 79747 a prime nu